{"id":35,"date":"2010-09-10T19:45:39","date_gmt":"2010-09-10T19:45:39","guid":{"rendered":"http:\/\/www.toolsgrip.fi\/sisalto\/?page_id=35"},"modified":"2022-05-28T10:56:49","modified_gmt":"2022-05-28T07:56:49","slug":"fi-2","status":"publish","type":"page","link":"https:\/\/toolsgrip.fi\/sisalto\/","title":{"rendered":"Etusivu"},"content":{"rendered":"<h1>Yksinkertaisen toimiva<\/h1>\n<p style=\"text-align: justify;\">ToolsGrip on patentoitu ratkaisu ty\u00f6turvallisuuden parantamiseen sek\u00e4 ty\u00f6nteon helpottamiseen.<\/p>\n<p style=\"text-align: justify;\">Yksinkertaisella rakenteella pienty\u00f6kalut pysyv\u00e4t ergonomisesti hallinnassa.<\/p>\n<p style=\"text-align: justify;\">ToolsGrip on testattu \u00e4\u00e4rimm\u00e4isiss\u00e4 olosuhteissa, aidoissa pohjoisten rakennusty\u00f6maiden tilanteissa.<\/p>\n<p><iframe loading=\"lazy\" width=\"396\" height=\"223\" src=\"http:\/\/www.youtube.com\/embed\/9UJdmN3yk5Q\" frameborder=\"0\" allowfullscreen=\"\"><\/iframe><\/p>\n","protected":false},"excerpt":{"rendered":"<p>Yksinkertaisen toimiva ToolsGrip on patentoitu ratkaisu ty\u00f6turvallisuuden parantamiseen sek\u00e4 ty\u00f6nteon helpottamiseen. Yksinkertaisella rakenteella pienty\u00f6kalut pysyv\u00e4t ergonomisesti hallinnassa. ToolsGrip on testattu \u00e4\u00e4rimm\u00e4isiss\u00e4 olosuhteissa, aidoissa pohjoisten rakennusty\u00f6maiden tilanteissa.<\/p>\n","protected":false},"author":1,"featured_media":0,"parent":0,"menu_order":1,"comment_status":"open","ping_status":"open","template":"","meta":{"footnotes":""},"class_list":["post-35","page","type-page","status-publish","hentry"],"aioseo_notices":[],"_links":{"self":[{"href":"https:\/\/toolsgrip.fi\/sisalto\/wp-json\/wp\/v2\/pages\/35","targetHints":{"allow":["GET"]}}],"collection":[{"href":"https:\/\/toolsgrip.fi\/sisalto\/wp-json\/wp\/v2\/pages"}],"about":[{"href":"https:\/\/toolsgrip.fi\/sisalto\/wp-json\/wp\/v2\/types\/page"}],"author":[{"embeddable":true,"href":"https:\/\/toolsgrip.fi\/sisalto\/wp-json\/wp\/v2\/users\/1"}],"replies":[{"embeddable":true,"href":"https:\/\/toolsgrip.fi\/sisalto\/wp-json\/wp\/v2\/comments?post=35"}],"version-history":[{"count":30,"href":"https:\/\/toolsgrip.fi\/sisalto\/wp-json\/wp\/v2\/pages\/35\/revisions"}],"predecessor-version":[{"id":681,"href":"https:\/\/toolsgrip.fi\/sisalto\/wp-json\/wp\/v2\/pages\/35\/revisions\/681"}],"wp:attachment":[{"href":"https:\/\/toolsgrip.fi\/sisalto\/wp-json\/wp\/v2\/media?parent=35"}],"curies":[{"name":"wp","href":"https:\/\/api.w.org\/{rel}","templated":true}]}}